4.
82
What is the remainder when 501374 is divided by 270?
254
Calculate the remainder when 38508 is divided by 9607.
80
What is the remainder when 1540 is divided by 204?
112
Calculate the remainder when 15879 is divided by 7879.
121
What is the remainder when 2300 is divided by 4?
0
What is the remainder when 1005439 is divided by 19?
16
What is the remainder when 1035614 is divided by 31?
28
What is the remainder when 15422 is divided by 2484?
518
What is the remainder when 10117 is divided by 836?
85
What is the remainder when 46797 is divided by 15598?
3
Calculate the remainder when 2498 is divided by 409.
44
Calculate the remainder when 3545 is divided by 324.
305
Calculate the remainder when 314908 is divided by 7.
6
What is the remainder when 25757 is divided by 5?
2
What is the remainder when 119511 is divided by 50?
11
What is the remainder when 106014 is divided by 21202?
4
Calculate the remainder when 811057 is divided by 162210.
7
Calculate the remainder when 2560069 is divided by 474.
469
Calculate the remainder when 593090 is divided by 17.
11
Calculate the remainder when 9723 is divided by 23.
17
What is the remainder when 1042 is divided by 338?
28
Calculate the remainder when 644465 is divided by 644464.
1
Calculate the remainder when 4534 is divided by 84.
82
What is the remainder when 56931 is divided by 410?
351
What is the remainder when 24797 is divided by 1?
0
What is the remainder when 3015 is divided by 67?
0
What is the remainder when 11598 is divided by 353?
302
What is the remainder when 1575079 is divided by 143189?
0
Calculate the remainder when 32977 is divided by 4711.
0
What is the remainder when 36184 is divided by 130?
44
Calculate the remainder when 13608 is divided by 4495.
123
Calculate the remainder when 21004 is divided by 6978.
70
Calculate the remainder when 47877 is divided by 1291.
110
Calculate the remainder when 6658 is divided by 600.
58
What is the remainder when 10794 is divided by 5337?
120
What is the remainder when 813992 is divided by 65?
62
What is the remainder when 10845 is divided by 24?
21
What is the remainder when 6606025 is divided by 7?
6
What is the remainder when 189717 is divided by 63198?
123
Calculate the remainder when 920 is divided by 911.
9
Calculate the remainder when 24676 is divided by 1897.
15
Calculate the remainder when 115936 is divided by 269.
266
Calculate the remainder when 16628 is divided by 70.
38
What is the remainder when 5538 is divided by 501?
27
What is the remainder when 9982 is divided by 1996?
2
What is the remainder when 1650 is divided by 109?
15
What is the remainder when 44 is divided by 32?
12
What is the remainder when 43326 is divided by 868?
794
What is the remainder when 49059 is divided by 78?
75
What is the remainder when 1308486 is divided by 654242?
2
What is the remainder when 396692 is divided by 392?
380
Calculate the remainder when 7118 is divided by 596.
562
What is the remainder when 160897 is divided by 453?
82
Calculate the remainder when 1360 is divided by 97.
2
Calculate the remainder when 25693 is divided by 188.
125
What is the remainder when 141095 is divided by 78?
71
Calculate the remainder when 880083 is divided by 293361.
0
What is the remainder when 2504 is divided by 303?
80
Calculate the remainder when 22543 is divided by 686.
591
Calculate the remainder when 6613 is divided by 542.
109
What is the remainder when 237096 is divided by 29?
21
What is the remainder when 54974 is divided by 705?
689
Calculate the remainder when 58371 is divided by 7293.
27
Calculate the remainder when 61457 is divided by 30704.
49
What is the remainder when 849567 is divided by 278?
277
Calculate the remainder when 552020 is divided by 6.
2
Calculate the remainder when 9023 is divided by 2253.
11
Calculate the remainder when 41507 is divided by 13831.
14
Calculate the remainder when 747863 is divided by 47.
46
Calculate the remainder when 2919 is divided by 956.
51
What is the remainder when 1191853 is divided by 14?
5
What is the remainder when 2434 is divided by 10?
4
What is the remainder when 115556 is divided by 118?
34
What is the remainder when 71606 is divided by 15?
11
Calculate the remainder when 4542 is divided by 3.
0
Calculate the remainder when 473049 is divided by 94605.
24
What is the remainder when 36471 is divided by 12022?
405
Calculate the remainder when 765719 is divided by 382835.
49
Calculate the remainder when 13166 is divided by 1104.
1022
What is the remainder when 1260 is divided by 1015?
245
What is the remainder when 29609 is divided by 9860?
29
Calculate the remainder when 2561 is divided by 29.
9
What is the remainder when 3914 is divided by 485?
34
Calculate the remainder when 7535 is divided by 423.
344
Calculate the remainder when 100001 is divided by 49986.
29
Calculate the remainder when 3321 is divided by 1049.
174
What is the remainder when 100773 is divided by 884?
881
What is the remainder when 1648 is divided by 51?
16
Calculate the remainder when 10909 is divided by 45.
19
Calculate the remainder when 2973 is divided by 127.
52
What is the remainder when 398 is divided by 391?
7
Calculate the remainder when 576976 is divided by 17.
13
What is the remainder when 54795 is divided by 39?
0
What is the remainder when 1881 is divided by 12?
9
What is the remainder when 39778 is divided by 226?
2
Calculate the remainder when 29435 is divided by 446.
445
Calculate the remainder when 482930 is divided by 482919.
11
Calculate the remainder when 25100 is divided by 403.
114
What is the remainder when 189127 is divided by 8?
7
What is the remainder when 37313 is divided by 36?
17
Calculate the remainder when 17775 is divided by 538.
21
Calculate the remainder when 497715 is divided by 3409.
1
Calculate the remainder when 91613 is divided by 90.
83
Calculate the remainder when 8225 is divided by 16.
1
Calculate the remainder when 52758 is divided by 3517.
3
What is the remainder when 5558 is divided by 6?
2
What is the remainder when 19794 is divided by 460?
14
Calculate the remainder when 9229 is divided by 440.
429
Calculate the remainder when 121 is divided by 86.
35
What is the remainder when 8520 is divided by 354?
24
Calculate the remainder when 7645 is divided by 205.
60
What is the remainder when 22476 is divided by 671?
333
What is the remainder when 302665 is divided by 100888?
1
Calculate the remainder when 20759 is divided by 346.
345
Calculate the remainder when 1524 is divided by 14.
12
What is the remainder when 49253 is divided by 117?
113
Calculate the remainder when 203303 is divided by 135.
128
Calculate the remainder when 1108466 is divided by 165.
161
Calculate the remainder when 27418 is divided by 889.
748
What is the remainder when 4826 is divided by 77?
52
Calculate the remainder when 152297 is divided by 228.
221
What is the remainder when 398697 is divided by 60?
57
What is the remainder when 10041 is divided by 517?
218
Calculate the remainder when 77964 is divided by 18.
6
Calculate the remainder when 3409 is divided by 700.
609
Calculate the remainder when 3882 is divided by 181.
81
Calculate the remainder when 199679 is divided by 233.
231
What is the remainder when 24315 is divided by 12155?
5
What is the remainder when 12903 is divided by 1123?
550
Calculate the remainder when 49664 is divided by 215.
214
Calculate the remainder when 7136 is divided by 47.
39
What is the remainder when 558 is divided by 130?
38
Calculate the remainder when 204 is divided by 88.
28
Calculate the remainder when 1411 is divided by 352.
3
What is the remainder when 73442 is divided by 885?
872
What is the remainder when 42744 is divided by 42740?
4
Calculate the remainder when 439 is divided by 187.
65
What is the remainder when 727805 is divided by 129?
116
Calculate the remainder when 169116 is divided by 302.
298
Calculate the remainder when 11091 is divided by 137.
131
Calculate the remainder when 2893 is divided by 70.
23
What is the remainder when 7568 is divided by 280?
8
Calculate the remainder when 7301 is divided by 14.
7
Calculate the remainder when 161621 is divided by 89.
86
Calculate the remainder when 63939 is divided by 92.
91
What is the remainder when 6766 is divided by 12?
10